ded by 106029238?
0
What is the remainder when 658657923 is divided by 3595?
3593
Calculate the remainder when 787152 is divided by 2868.
1320
What is the remainder when 18986 is divided by 96?
74
What is the remainder when 416145 is divided by 31956?
717
What is the remainder when 75371123 is divided by 827?
824
Calculate the remainder when 23936335 is divided by 76.
59
What is the remainder when 92537 is divided by 2704?
601
Calculate the remainder when 289558 is divided by 78.
22
Calculate the remainder when 716235900 is divided by 124.
120
What is the remainder when 40818 is divided by 2156?
2010
Calculate the remainder when 1580634 is divided by 2321.
33
Calculate the remainder when 2434902 is divided by 37.
6
Calculate the remainder when 340197 is divided by 100.
97
Calculate the remainder when 204811 is divided by 17172.
15919
What is the remainder when 2165901 is divided by 3847?
40
What is the remainder when 2818582 is divided by 9?
7
What is the remainder when 3681541 is divided by 4077?
10
Calculate the remainder when 966091 is divided by 1019.
79
What is the remainder when 6111106 is divided by 3367?
1
Calculate the remainder when 5013849 is divided by 2506869.
111
What is the remainder when 1272133 is divided by 3881?
3046
What is the remainder when 13028778 is divided by 176064?
42
Calculate the remainder when 23766 is divided by 960.
726
Calculate the remainder when 5106218 is divided by 159569.
10
Calculate the remainder when 232862651 is divided by 15.
11
Calculate the remainder when 1682653 is divided by 26.
11
Calculate the remainder when 1995735 is divided by 823.
783
Calculate the remainder when 134104 is divided by 26578.
1214
Calculate the remainder when 5603904 is divided by 11.
9
What is the remainder when 9884662 is divided by 877?
872
Calculate the remainder when 68765 is divided by 879.
203
Calculate the remainder when 616466 is divided by 45.
11
What is the remainder when 2816090 is divided by 6549?
20
Calculate the remainder when 15111 is divided by 14545.
566
Calculate the remainder when 86093 is divided by 237.
62
Calculate the remainder when 832052 is divided by 17703.
11
What is the remainder when 3876974 is divided by 60?
14
Calculate the remainder when 7301947 is divided by 576.
571
Calculate the remainder when 36170253 is divided by 283.
23
Calculate the remainder when 18849 is divided by 119.
47
Calculate the remainder when 2961806 is divided by 139.
133
What is the remainder when 13536507 is divided by 20?
7
What is the remainder when 26814 is divided by 125?
64
Calculate the remainder when 42916 is divided by 3274.
354
What is the remainder when 399437 is divided by 237?
92
Calculate the remainder when 678846 is divided by 64.
62
What is the remainder when 2026325 is divided by 2193?
2186
Calculate the remainder when 9841051 is divided by 4920514.
23
Calculate the remainder when 17098572 is divided by 44.
40
What is the remainder when 1292631 is divided by 56201?
8
What is the remainder when 47694639 is divided by 8?
7
Calculate the remainder when 201280 is divided by 3.
1
Calculate the remainder when 46739 is divided by 46695.
44
Calculate the remainder when 124090 is divided by 11275.
65
What is the remainder when 6608274 is divided by 3304104?
66
Calculate the remainder when 3453536 is divided by 4.
0
What is the remainder when 398059 is divided by 1841?
403
Calculate the remainder when 64882 is divided by 64710.
172
Calculate the remainder when 8086247 is divided by 30.
17
Calculate the remainder when 8165143 is divided by 52.
51
Calculate the remainder when 38498 is divided by 7560.
698
What is the remainder when 7970450 is divided by 31379?
184
What is the remainder when 2163507 is divided by 216278?
727
Calculate the remainder when 13199113 is divided by 12953.
6
Calculate the remainder when 32101031 is divided by 125886.
101
What is the remainder when 1720568 is divided by 344069?
223
Calculate the remainder when 2544527 is divided by 2542.
2527
Calculate the remainder when 26739 is divided by 6458.
907
What is the remainder when 2602079 is divided by 1097?
1092
What is the remainder when 2118804 is divided by 192565?
589
What is the remainder when 218268 is divided by 4490?
2748
What is the remainder when 12291904 is divided by 6145946?
12
Calculate the remainder when 71891906 is divided by 18.
14
What is the remainder when 3403674 is divided by 13453?
65
Calculate the remainder when 16834 is divided by 1633.
504
What is the remainder when 213680053 is divided by 93?
91
What is the remainder when 10307394 is divided by 546?
6
What is the remainder when 1326137 is divided by 4735?
337
What is the remainder when 595045 is divided by 20?
5
What is the remainder when 61653 is divided by 1121?
1119
Calculate the remainder when 5102008 is divided by 1205.
38
Calculate the remainder when 464496 is divided by 92868.
156
What is the remainder when 241148 is divided by 120503?
142
What is the remainder when 2115309 is divided by 6803?
6379
What is the remainder when 1120260 is divided by 280038?
108
What is the remainder when 128141 is divided by 2031?
188
What is the remainder when 1014127 is divided by 16?
15
Calculate the remainder when 186293 is divided by 1217.
92
Calculate the remainder when 12974 is divided by 6189.
596
Calculate the remainder when 46375 is divided by 9145.
650
What is the remainder when 254594 is divided by 943?
927
What is the remainder when 7198092 is divided by 45271?
3
What is the remainder when 149506 is divided by 196?
154
Calculate the remainder when 20950784 is divided by 20950747.
37
What is the remainder when 149434 is divided by 64?
58
What is the remainder when 5805562 is divided by 314?
16
Calculate the remainder when 267271 is divided by 337.
30
What is the remainder when 102248 is divided by 50788?
672
What is the remainder when 52029 is divided by 11390?
6469
What is the remainder when 52679001 is divided by 7525567?
32
Calculate the remainder when 43523137 is divided by 10880780.
17
Calculate the remainder when 12043368 is divided by 1475.
1468
What is the remainder when 158111 is divided by 1738?
1691
What is the remainder when 458901 is divided by 130?
1
Calculate the remainder when 1991 is divided by 343.
276
Calculate the remainder when 82386199 is divided by 60.
19
Calculate the remainder when 5353365 is divided by 81.
75
What is the remainder when 1364721 is divided by 454877?
90
What is the remainder when 28837599 is divided by 56?
7
Calculate the remainder when 152987 is divided by 1844.
1779
Calculate the remainder when 28612765 is divided by 353.
350
What is the remainder when 602999669 is divided by 2730?
2729
Calculate the remainder when 1723998 is divided by 819.
3
What is the remainder when 4240969 is divided by 4240964?
5
What is the remainder when 11912150 is divided by 1985358?
2
What is the remainder when 23381230 is divided by 90275?
5
What is the remainder when 17088402 is divided by 4059?
12
Calculate the remainder when 48000136 is divided by 22.
8
Calculate the remainder when 105244 is divided by 33960.
3364
What is the remainder when 1102040 is divided by 23?
18
What is the remainder when 190427 is divided by 8651?
105
What is the remainder when 5165729 is divided by 821?
818
Calculate the remainder when 36762108 is divided by 70.
68
What is the remainder when 593475 is divided by 93?
42
Calculate the remainder when 98043 is divided by 2579.
41
Calculate the remainder when 1887793 is divided by 1045.
523
Calculate the remainder when 196684461 is divided by 243.
18
What is the remainder when 11555483 is divided by 4771?
121
Calculate the remainder when 112549 is divided by 1391.
1269
Calculate the remainder when 860353 is divided by 77713.
5510
What is the remainder when 158927 is divided by 1708?
83
What is the remainder when 7167422 is divided by 41192?
14
What is the remainder when 838227 is divided by 838227?
0
Calculate the remainder when 517171099 is divided by 20.
19
What is the remainder when 14390249 is divided by 5250?
5249
What is the remainder when 994866 is divided by 144?
114
What is the remainder when 45035359 is divided by 8274?
8251
What is the remainder when 10178738 is divided by 771?
767
Calculate the remainder when 5